= r, -5*j - 4*r + 793 = -i*r. Is j a composite number?
True
Let x be (-68)/(-12) + 2/(-3). Suppose 3*g - 3*f = g + 137, g - x*f = 86. Let d = -24 + g. Is d composite?
False
Suppose 2*d - j = -0*d + 77, -3*d - j + 108 = 0. Suppose -4*h + 4 = 4*z, -4*z = -5*h - d - 3. Is 0 - -23 - (h - -2) composite?
True
Let f(d) = -d + 185. Is f(0) a prime number?
False
Let y(a) = -186*a - 1. Is y(-3) composite?
False
Let q = 0 + 0. Suppose q*x + 15 = 5*x. Suppose 39 = g + 4*v, g - v = -x*v + 47. Is g a prime number?
False
Suppose -z = -187 + 38. Is z a composite number?
False
Let x = 94 + -39. Is x a composite number?
True
Suppose 3*x = -3*p + 33, 3*p + 4*x = -2*p + 55. Is p a composite number?
False
Let v = 26 + -1. Is v a prime number?
False
Let g be (5/(-2))/((-5)/20). Let p = -6 + g. Suppose 2*t - p*z = 38, 5*t - t - 79 = 5*z. Is t prime?
False
Let g(u) be the second derivative of 13*u**3/6 - u**2/2 - 4*u. Let j be (4/5)/(6/15). Is g(j) prime?
False
Let m(h) = -h**2 - 23*h + 53. Is m(-23) prime?
True
Let r(n) be the first derivative of -n**3/3 + n**2 + 8*n + 2. Let l be r(6). Let z = 38 + l. Is z composite?
True
Let x(z) be the first derivative of 5*z**4/4 - 2*z**3/3 + z**2 - z + 4. Is x(2) prime?
False
Let s(t) = 5*t - 4. Let l be s(2). Let b(h) = -4*h**2 - h + 1. Let c(n) = -n**2. Let p(v) = -b(v) + c(v). Is p(l) a composite number?
False
Let r(v) = 3*v**3 - 3*v**2 - 7. Is r(5) a composite number?
False
Suppose 2*f - p + 12 = 4*p, f - p = -3. Let j = 4 + f. Is (-88 + j/1)*-1 a prime number?
False
Let p be ((1 - 0)*-1)/1. Let z be 41*-1*(-2 - p). Suppose -3*r + z = 2. Is r a composite number?
False
Suppose -2*n - 95 = -6*n - 5*q, -2*n + 5*q = -55. Is n prime?
False
Let p(o) be the first derivative of 89*o**3/3 + o**2/2 + o - 2. Is p(-1) a prime number?
True
Suppose g = -3*g + 16. Let t be (33 - g/(-2)) + -2. Suppose t = -0*f + 3*f. Is f a composite number?
False
Let z = 3125 + -2230. Is z prime?
False
Suppose 0 = m + m - 8. Let l be (-22)/(-8) - (-1)/4. Suppose -3*a - l*r - 2*r = -170, 0 = -m*a - 2*r + 222. Is a composite?
True
Let v(f) = -3*f + 117. Let m(x) = -x - 1. Let j(u) = -4*m(u) + v(u). Is j(0) composite?
True
Suppose 3*m + 4*o - 64 = 43, -3*o - 60 = -2*m. Suppose 0 = -3*a + m - 3. Is a composite?
True
Let j(l) = -11*l - 4. Let z be j(-6). Let w = -43 + z. Is w composite?
False
Suppose -7 = -3*r + 17. Suppose q - 2*a = 3*a - r, 0 = -2*a + 4. Suppose 0*f - 322 = -q*f. Is f a prime number?
False
Let r = -83 - -340. Is r a composite number?
False
Let n(v) = -v**3 - 8*v**2 + 3*v + 1. Let x be (-7)/1*(4 - 3). Let f be n(x). Let y = -16 - f. Is y a composite number?
False
Let n = -2016 - -4265. Is n a composite number?
True
Suppose 2*d + 247 = w, 17 = 5*d + 2. Is w a composite number?
True
Let s = 103 + -60. Suppose -4*d = 5*u - 156, -3*d + 5*u + s = -39. Is d composite?
True
Let z = 1748 - -69. Is z composite?
True
Let a = 5 - 14. Let p be ((-3)/a)/((-1)/3). Is 21/3*(4 - p) prime?
False
Let s = -11 + 15. Suppose g - 2*n = 5*g - 2, -g - s*n = -4. Suppose g = -0*d + d - 13. Is d a prime number?
True
Let j(n) = n**3 + n**2 + n + 917. Is j(0) a composite number?
True
Let c(z) = z**2 + 3*z - 7. Let a be c(-5). Is 127/(a/(-6)*-2) a prime number?
True
Suppose h - y + 5837 = 5*h, -h + 1454 = -5*y. Is h composite?
False
Let k(w) = w**3 + 9*w**2 + 3*w + 1. Is k(-6) composite?
True
Let i(n) be the first derivative of -35*n**2/2 + n + 1. Is i(-2) composite?
False
Suppose 3*l - 263 = 3*t + 421, 5*l + t - 1110 = 0. Is l a prime number?
True
Let r(n) = 7*n**2 + 17*n + 13. Is r(-6) composite?
False
Suppose 0 = 3*y - 2145 + 792. Is y + (-1 - (-5 - -2)) a prime number?
False
Let u(y) = 6*y**2 + 2*y + 3. Suppose 6*v - 20 = 2*v. Is u(v) a prime number?
True
Suppose 0 = 3*m + 1 - 10. Is (-1)/(m/9) + 134 a prime number?
True
Suppose 273 = 3*f + 5*s, -91 = -f + 4*s + s. Is f composite?
True
Let w = -117 + 258. Is w composite?
True
Suppose 0 = j + 3*j. Suppose 0 = 3*b - 5*i - 47, -2*i + 10 = 2*b - j*i. Is b a composite number?
True
Let w(p) = 9*p**3 - 4*p**2 + 4*p - 2. Let j be w(2). Let t be 0 + j + 1 + 2. Suppose -3*o + t = -40. Is o prime?
False
Is (-1 - 27/(-21)) + 34185/35 composite?
False
Is (3972/18)/(-3*4/(-18)) composite?
False
Suppose -3*r - 4*d - 31 = 0, -2*d + 6*d + 6 = 2*r. Let c be (r - -3) + 4*1. Is c + 2 + (-6)/(-2) a composite number?
False
Let k(x) = -x**3 - 4*x - 2. Let z be k(-5). Suppose -4*m + z = 5*t, 0*t - 3*t = 4*m - 145. Is m a composite number?
False
Let a(o) = -o + 99. Let l be a(0). Suppose -q = -5*m + l, -q - 25 = -4*m + 54. Suppose -35 - 69 = -s - 3*z, 4*z + m = 0. Is s a prime number?
False
Let r(t) = t**3 + 10*t**2 + 10*t + 3. Let q be r(-9). Let y be 0 + q/(-3) - -55. Suppose 0 = -5*h + 68 + y. Is h a prime number?
False
Suppose h - 76 = -3*h. Is 4*(-2)/(-8)*h a prime number?
True
Let t be 4/6 - (-24)/18. Suppose -t*b = b - 33. Is b a composite number?
False
Suppose 0 = -4*m + 2*p + 446, -2*p = -5*m - 6*p + 525. Is m composite?
False
Suppose -2 = 5*y - 12. Is 5/((-219)/111 + y) composite?
True
Suppose -j - 5*p + 1356 = 2*j, -4*j = p - 1791. Is j a prime number?
False
Suppose 2*w = 3*w - 15. Suppose w = -4*c + 95. Suppose l - c = -g, 5*g = 3*l + 37 - 89. Is l a composite number?
False
Let w(u) = -u**3 + 8*u**2 + 6*u - 8. Let v = 1 + 1. Let x = v + 5. Is w(x) composite?
False
Suppose 4*k = -k + 4*q + 42, 0 = -q + 2. Let f(m) = 10*m + 6. Is f(k) prime?
False
Let d = -654 - -1415. Is d composite?
False
Suppose 5*s + 2*a - 635 = 0, -4*s + 89 = 4*a - 419. Is s a composite number?
False
Let j = 1606 + -1049. Is j a prime number?
True
Suppose -3*l - 6 = 0, 4*l = -4*b + 2*l + 692. Suppose b - 47 = f. Is f composite?
False
Let h(z) = 3*z**3 - 10*z + 1. Let n(w) = -w**3 + w**2 + w + 1. Let k(q) = -h(q) - 2*n(q). Is k(-6) composite?
True
Suppose -2 - 1 = u. Suppose -s + 8 = 76. Is s/(-3) + u/(-9) a prime number?
True
Let y(l) = -43*l**3 - 3*l - 3. Let t be y(-2). Suppose v = q - 2*v - 98, 4*q = 3*v + t. Is q a composite number?
False
Let t be (24/(-10))/(4/(-170)). Suppose -x + t = x. Is x composite?
True
Suppose -4*k + 2 = -2*d - 0, 3 = 4*d - k. Let o be -1*d*(2 - 4). Suppose -3*j + 70 = o*j. Is j a composite number?
True
Let k = 4 - -146. Let i = 67 + k. Is i composite?
True
Suppose 4*j = -0*f + 5*f + 3, 5*j + f = 11. Let x = -1 + j. Is 7 + 1 + 2/x prime?
False
Let x(m) = 44*m - 31. Is x(16) a prime number?
True
Let t = 37 + 42. Is t a composite number?
False
Suppose 3*a = -9*a + 26172. Is a a prime number?
False
Suppose -10 = 4*u - d - 5, 5*d = -4*u - 23. Is (-4 + (u - -5))*-119 a composite number?
True
Suppose 4*o + 7 = -1. Is (o - 0)/((-6)/147) a prime number?
False
Let g = 514 + -207. Suppose -425 = -5*u + 2*p, u - g = -3*u - 5*p. Is u prime?
True
Let a = 30 - -73. Is a a prime number?
True
Suppose -529 = -4*w + 107. Is w a prime number?
False
Suppose 7*d = 6*d + 1117. Is d composite?
False
Let p = 7 + -3. Suppose -2*z + 310 = -p*m, 2*z - m - 802 = -3*z. Is z a prime number?
False
Let j be -130 + 0 + (-4 - -6). Let v = j - -241. Is v prime?
True
Let v(n) = 8*n**2 + 2*n + 1. Let y be v(3). Is (1/(-1)*y)/(-1) a prime number?
True
Let g(x) = 2*x**2 + 5*x + 4. Let s be g(-3). Let n = 18 - s. Is n a prime number?
True
Is 4*((-1355)/4)/(-5) a prime number?
True
Suppose -4*j = 3*r - 724, 6*j = j - 2*r + 898. Is j composite?
True
Suppose -2*x - 6*g = -3*g + 5, -1 = 4*x + 3*g. Suppose -b = -2*b + x. Suppose b*f - 7*f + 65 = 0. Is f a prime number?
True
Let y be 2 + 3/((-3)/7). Let a(p) = 2*p**2 - 5*p - 1. Is a(y) a prime number?
False
Let z = 34 - 16. Let j = 31 + z. Is j prime?
False
Let u(m) = -2*m**3 - 8*m**2 - 4*m - 3. Is u(-7) a prime number?
False
Let h = -290 + 541. Is h composite?
False
Let x(i) = 7*i**2 + i + 4. Let t(s) = -3*s - 7 - 17*s**2 + s - s + 2*s**2. Let y(o) = 3*t(o) + 7*x(o). Is y(-6) a composite number?
False
Let s(o) = 8*o**2 - 4*o - 1. Is s(-4) a prime number?
False
Let t(m) be the first derivative of -1/4*m**4 + 0*m**2 + 23*m - 2 + 0*m**3. Is t(0) a composite number?
False
Let s(o) be the third derivative of o**8/1120 - o**7/630 + o**6/360 + o**5/60 + o**4/12 + 2*o**2. Let r(t) be the second derivative of s(t). Is r(2) composite?
True
Suppose 0 = k - 6*k + 40. Suppose -3*a + 5*n - k = 0, -n = -3*a + 8*a - 24. Is a composite?
T